en thousands digit of x?
1
What is the units digit of ((-36)/(-8))/(-3)*2 + 1329?
6
Suppose -10*b - 6 = -12*b. Let y be (1 - b)/((-371)/(-182) - 2). Let l = -28 - y. What is the units digit of l?
4
Let t = 105 + -79. Suppose -3*n - t + 35 = 0. Suppose n*q + 7 = 22. What is the units digit of q?
5
Let k be 904/3*(4 + 5) + 5. Suppose k = 3*o + 188. What is the hundreds digit of o?
8
Suppose -302039 - 205705 = -32*b. What is the hundreds digit of b?
8
Suppose -5*p = 4*m - 5, m + m = -3*p + 1. Let h(j) = -2*j - m + j**3 - 22*j**2 + 19*j**2 + 3*j. What is the hundreds digit of h(6)?
1
Suppose 73*l + 61*l = 120*l + 354914. What is the thousands digit of l?
5
Let n(h) be the first derivative of -10*h + h + 429*h**2 - 415*h**2 - 15. What is the tens digit of n(6)?
5
What is the thousands digit of (-451)/132*-11086 - (-2)/(-12)?
7
Suppose 176*q = 180*q - 52. Suppose -q*u + 15170 = 4731. What is the hundreds digit of u?
8
Suppose -4*h - 24 = -2*x, 3*x - 18*h - 31 = -13*h. Suppose -n = x*n - 954. What is the tens digit of n?
1
Suppose -1289 - 2584 = 3*x. Let u = x + 2385. Suppose u - 374 = 4*q. What is the units digit of q?
0
Let p(l) be the third derivative of l**5/15 - l**4/24 - l**3/2 + l**2. Let i = 3380 + -3385. What is the tens digit of p(i)?
0
Let z = -3730 - -4905. What is the hundreds digit of z?
1
Suppose -5*g - 80*s + 84*s = -35345, 4*g - 5*s - 28276 = 0. What is the units digit of g?
9
Let m be 16/20 + 66/30. Suppose m*b - 3354 = -4*i, 2*b = 12*i - 14*i + 2234. What is the tens digit of b?
1
Let w(g) = -332*g - 725. What is the units digit of w(-15)?
5
Suppose -10108407 + 2579567 = -440*o. What is the ten thousands digit of o?
1
Let b(p) = 9*p**2 + 40*p + 40. Let n be b(-16). Suppose -29*c - n = -31*c. What is the units digit of c?
2
Let i = -464 - 150. Let v = i - -1364. What is the tens digit of v?
5
Let p = -32 - 35. Let r = 167 + p. What is the hundreds digit of r?
1
Let b = 42 + 128. Suppose c - 671 = -b. What is the tens digit of c?
0
Let c = 743 + -214. Let t = 84 + c. What is the units digit of t?
3
Let d = 15048 + -6930. What is the thousands digit of d?
8
What is the units digit of (28013/(-4))/((-10)/40)?
3
Suppose 0 = -m - m + 14334. Let s be 4 + m/33 + 4/(-22). Suppose 4*x = 47 + s. What is the tens digit of x?
6
Let s(l) = -24*l + 15. Suppose 0 = 104*x - 107*x + 3. Let d be 0 + (-5 - (3 + x/(-1))). What is the units digit of s(d)?
3
Suppose -2*h + 29512 = -23*b + 27*b, -5*h + 5*b = -73810. What is the thousands digit of h?
4
Let f be (1/(-3))/((-1)/(-20))*-3. Suppose f*w - 520 = -0*w. What is the units digit of w?
6
Let r(j) = 3 - 73*j**2 + 1 - 6 + 77*j**2. Let i be r(-2). Suppose -i*v - 6 + 384 = 0. What is the tens digit of v?
2
Suppose 19*o = 23*o + 12. Let d be ((-2)/o)/(9/27). Suppose 63 = d*f - p, -3*p = 5*f - 8*f + 96. What is the units digit of f?
1
Suppose -4*m - 3*x = -42362 - 28949, x = -2*m + 35659. What is the hundreds digit of m?
8
Let b(z) be the first derivative of -171*z**2/2 + 3*z - 27. What is the tens digit of b(-1)?
7
Suppose 2*s + 4*l + 400 = 0, -6*l = 4*s + 282 + 510. Suppose -g + 5*u + 1 = 0, g + 4*u = -6 + 43. Let v = g - s. What is the tens digit of v?
1
Suppose 0 = 77*n - 74*n - 735. What is the units digit of n?
5
Let u = -1298 - -16250. What is the ten thousands digit of u?
1
Suppose -262 = 13*f - 314. Suppose 4*b - 3*x = 7031 - 2350, f*x - 2346 = -2*b. What is the thousands digit of b?
1
Let u(j) = j**3 + 5*j**2 + 4*j + 8. Let f be u(-6). Let i = -435 - -506. Let l = i + f. What is the tens digit of l?
1
Let u = 148 + -143. Suppose 4*x + 5*n - 1195 = 0, -x = -3*x + u*n + 575. What is the units digit of x?
5
Let r = 3495 - 417. Let g = r - 1216. What is the thousands digit of g?
1
Suppose 0 = 2*j - 22 + 18. Let f(n) = 674*n - 6. What is the units digit of f(j)?
2
Suppose 113*j - 1840015 = 2384942. What is the tens digit of j?
8
Suppose x = 5*s - 197 - 1067, 4*s - 1011 = x. What is the tens digit of s?
5
Let a(v) = 22455*v**2 + 3 - 1 + 5*v - 22384*v**2. What is the units digit of a(4)?
8
What is the hundreds digit of 7/(-490)*7 - 295884/(-40)?
3
Suppose 137*x + 3 = 140*x. What is the tens digit of -5 - 0 - x - -1438?
3
What is the hundreds digit of (35444 + (-4 - 9))*(15/3 - 4)?
4
Let t(b) = -b**3 + b + 3. Let u be t(0). Suppose -u*k - 350 = 4*k. What is the units digit of (-2)/((-20)/(-18))*k/15?
6
Let u(d) be the third derivative of -d**6/120 + 4*d**5/15 - d**4/2 + 17*d**3/6 + d**2 + 16. What is the tens digit of u(12)?
4
Let k = -3686 + 8990. What is the tens digit of k?
0
Suppose -4*c = 4*t - 15824, 2*c + 2*t = 6*c - 15848. Suppose -c = 3*s - 11*s. What is the tens digit of s?
9
Let c(b) = -3153*b**2 - 4*b - 8. Let i be c(-6). What is the tens digit of i/(-357) + (-4)/(-42)?
1
Let z(b) = -b**3 - 27*b**2 - 36*b - 132. Let f be z(-20). Let r = -1437 - f. What is the hundreds digit of r?
7
Let m be 5*8 - (-14 + 18). Let c = m - -17. What is the units digit of c?
3
Let y = 75 - -26. Suppose 74*b = 65*b - 549. Let f = y + b. What is the tens digit of f?
4
Suppose -28*x = 46*x - 199948. What is the units digit of x?
2
Let a = 22 + -15. Suppose 3 = -2*q + a. Suppose -3*d = q*v - 58, -5*d = -5*v - 22 + 167. What is the tens digit of v?
2
Let s = 3947 - 1667. What is the tens digit of s?
8
Suppose 11*l = 6*l - 3*a + 55256, 4*l + a - 44209 = 0. What is the thousands digit of l?
1
Let b = 32 - 44. Let w(z) = -z**3 - 12*z**2 - 8*z - 16. Let c be w(b). Suppose 192 = c*y - 77*y. What is the tens digit of y?
6
Let u be -3 - (4 - 2 - 27). Suppose -2*x + 264 = u. Suppose 2*g - x - 23 = 0. What is the tens digit of g?
7
Let i(x) = x + 27. Let a be i(-14). Suppose -17 = -5*r + a. Suppose r = -2*h, 2*h - 156 = -5*q - h. What is the units digit of q?
3
Suppose 0 = 5*u - y - 153744, -12*y + 10*y - 61504 = -2*u. What is the hundreds digit of u?
7
Let q(h) = 12*h - 76. Let f be q(12). Let a be (-1)/2 - (-646)/f. Suppose a*o - o = 1568. What is the units digit of o?
6
Suppose 283*v + 5014 = 65*v. Let h(o) = o**3 + 6*o**2 - 4*o + 2. Let g be h(-6). Let k = g + v. What is the units digit of k?
3
Let a = -1148 + 722. Let c = 648 + a. Let q = c - 125. What is the tens digit of q?
9
Suppose 2*y - 3*z = 0, 2*y - 3*z + 8*z = 0. Suppose y = 4*h + 5*v - 1697, -2*v + 83 = h - 345. What is the units digit of h?
8
Let d(b) = b**2 - 18*b - 7. Let f be d(17). Let l = f + 51. Suppose -5*t = -2*r - 266, t - l - 22 = -r. What is the units digit of t?
2
Let c(a) be the second derivative of -a**5/10 + 5*a**4/6 + 3*a**3/2 + 9*a**2/2 + 4*a - 8. What is the tens digit of c(-6)?
4
Let r = 49315 + -35051. What is the tens digit of r?
6
Suppose 27*m - 44*m + 857123 = 0. What is the units digit of m?
9
What is the units digit of (-3643)/(20/(-1920)*8)?
6
Let x(a) = 3*a**2 - 3*a + 6. Suppose 5*q - 4*l = -413, 5*q + 219 = 3*l - 197. Let r = 94 + q. What is the tens digit of x(r)?
2
Let i = -969 + 1809. Let t(o) = o**2 - 2*o. Let h be t(2). Suppose h = 7*j + j - i. What is the hundreds digit of j?
1
Let i be ((-1512)/51)/(-3) + 12/102. What is the tens digit of (-4)/8 + i/(-4)*-51?
2
Let t(p) = -53*p - 1. Let o be t(-1). Suppose o*l = 74*l - 30250. What is the thousands digit of l?
1
Suppose 0 = 7*a - 12 - 23. Suppose -39 + 19 = -a*w. What is the hundreds digit of w/(-6)*1536/(-8)?
1
What is the units digit of 30702 + -1 + 1 - (-16 + (20 - -1))?
7
Let d(s) = -19*s**2 - 46*s - 43. Let r(y) = 11*y**2 + 26*y + 21. Let v(i) = -3*d(i) - 5*r(i). Let u = -6 + -1. What is the units digit of v(u)?
6
Let s(u) = 5 - 7 + 137*u - 7 - 4. Let a be s(4). Suppose -12*m - a + 2827 = 0. What is the units digit of m?
1
Suppose 0 = -7*j + 5*j - 150. Let t = j - -30. Let k = t + 128. What is the tens digit of k?
8
Suppose 93*v - 436069 - 341675 = -39*v. What is the units digit of v?
2
Let p be 9022/8 - 7/(-28). Suppose 4*y + 2*s - 3*s = 1152, 4*y + 5*s - p = 0. What is the units digit of y?
7
Let m(y) = -y**2 - 6*y + 27. Let r be m(-7). Let n = 34 - r. Let g = n + -11. What is the units digit of g?
3
Let f(v) = v + 26. Let g = -103 + 106. Suppose -5*w - g*z - 75 = 0, -3*z + 23 = -w - 10. What is the units digit of f(w)?
8
Let m = 29 - 17. What is the hundreds digit of -426*(0 + (-22)/m)?
7
Suppose 0 = 2*m - m + i, 5*i = 3*m + 24. Let x(f) = f + 3. Let y be x(m). Supp